st common factor of 153292 and 12046.
38
What is the greatest common divisor of 8041508 and 2684?
244
What is the greatest common factor of 1374010 and 12?
2
Calculate the highest common factor of 7612815 and 1470.
105
Calculate the highest common factor of 18325692 and 504.
252
Calculate the highest common divisor of 980 and 1242836.
196
Calculate the highest common factor of 275 and 31072811.
11
What is the greatest common divisor of 1045 and 1452132?
209
What is the greatest common factor of 3072 and 9798?
6
Calculate the highest common factor of 238 and 4669616.
14
What is the greatest common divisor of 2446092 and 32076?
1188
What is the greatest common divisor of 9903112 and 1054?
34
Calculate the greatest common divisor of 44820 and 949320.
540
Calculate the greatest common factor of 3926718 and 9558.
162
Calculate the highest common factor of 17596 and 1007.
53
What is the highest common factor of 59853810 and 5490?
1830
Calculate the greatest common factor of 4754584 and 366.
122
Calculate the greatest common factor of 1896124 and 19703.
1159
Calculate the greatest common divisor of 781425 and 302.
151
Calculate the highest common divisor of 10885770 and 1295.
1295
Calculate the highest common divisor of 10 and 13232905.
5
Calculate the greatest common divisor of 128851452 and 50652.
7236
Calculate the greatest common divisor of 3529460 and 1952.
244
What is the highest common divisor of 41385 and 99355?
155
What is the greatest common factor of 309500 and 12800?
100
What is the greatest common divisor of 419144 and 11258?
866
What is the highest common factor of 36 and 832249116?
36
Calculate the highest common divisor of 219 and 37161015.
219
Calculate the highest common factor of 47307 and 379669.
1213
Calculate the highest common factor of 6439296 and 1599.
123
Calculate the highest common factor of 190068 and 480716.
188
Calculate the highest common divisor of 1095892721 and 22.
11
Calculate the greatest common factor of 1569262 and 856.
214
Calculate the highest common factor of 13495325 and 1065.
355
What is the greatest common divisor of 30957000 and 4590?
510
Calculate the highest common factor of 52312014 and 61488.
1098
What is the greatest common factor of 85250 and 1270250?
250
Calculate the greatest common divisor of 7288424 and 144.
8
Calculate the greatest common factor of 332163153 and 4629.
4629
Calculate the highest common factor of 1505 and 560925540.
1505
What is the highest common divisor of 377861683 and 1634?
817
Calculate the greatest common divisor of 392 and 27420632.
8
Calculate the greatest common divisor of 20 and 249772520.
20
Calculate the greatest common factor of 2609 and 182162989.
2609
Calculate the greatest common divisor of 268691196 and 4122.
1374
What is the greatest common divisor of 117130 and 9595014?
1378
Calculate the highest common divisor of 1398381 and 6156.
57
Calculate the highest common divisor of 118390224 and 16.
16
What is the greatest common divisor of 582 and 148398?
6
Calculate the highest common factor of 384 and 71052720.
48
What is the highest common factor of 6 and 94472310?
6
What is the greatest common factor of 12384 and 19372704?
4128
Calculate the highest common factor of 159 and 2973459.
159
Calculate the highest common divisor of 91035 and 476.
119
What is the highest common factor of 603 and 13632959?
67
Calculate the greatest common factor of 274752 and 50322546.
8586
What is the greatest common divisor of 15197470 and 270?
10
What is the greatest common divisor of 724728 and 71664?
24
Calculate the greatest common factor of 67 and 56404553.
67
What is the highest common divisor of 2916 and 1864?
4
What is the highest common divisor of 172406 and 7046?
26
Calculate the highest common factor of 60 and 16372815.
15
Calculate the highest common divisor of 1107 and 68962779.
1107
What is the greatest common divisor of 139129360 and 160?
80
Calculate the greatest common divisor of 6348 and 1591494.
6
What is the highest common divisor of 52807066 and 13?
13
Calculate the highest common factor of 945447 and 290362.
3541
What is the highest common divisor of 555 and 313785?
15
Calculate the highest common divisor of 168 and 14412006.
42
Calculate the greatest common divisor of 3459520 and 520.
40
What is the greatest common divisor of 8910 and 155160522?
1782
What is the highest common divisor of 7876440 and 260?
260
Calculate the highest common divisor of 447 and 240074462.
149
What is the greatest common factor of 13380 and 48740664?
2676
What is the highest common factor of 428488 and 56088?
152
Calculate the greatest common factor of 144930 and 12855.
15
Calculate the greatest common factor of 10266 and 76299.
87
Calculate the highest common factor of 13468 and 202427.
37
Calculate the greatest common factor of 7508252 and 153452.
908
Calculate the greatest common divisor of 599810 and 4860.
10
Calculate the greatest common divisor of 3465 and 113211.
63
What is the greatest common divisor of 523752 and 273576?
24
What is the highest common factor of 26231518 and 127658?
4402
Calculate the greatest common factor of 39 and 2249507.
13
Calculate the greatest common factor of 952 and 2449944.
56
What is the highest common divisor of 28843214 and 4542?
1514
Calculate the greatest common divisor of 6119880403 and 91.
91
Calculate the highest common divisor of 10368 and 9364608.
1152
What is the greatest common factor of 8542143 and 102?
51
What is the highest common divisor of 71811 and 4269573?
909
What is the highest common factor of 3875191 and 22257?
2473
Calculate the highest common divisor of 3276 and 97202.
14
Calculate the greatest common factor of 2306946 and 41026.
146
What is the greatest common divisor of 1702374 and 30?
6
Calculate the highest common divisor of 38 and 76192394.
38
Calculate the highest common factor of 3849615 and 504.
63
Calculate the highest common divisor of 6743 and 440165.
11
What is the greatest common factor of 1287933 and 4855917?
4551
What is the greatest common factor of 147 and 163837086?
147
What is the highest common factor of 203708861 and 207?
23
Calculate the highest common divisor of 30 and 29435750.
10
What is the greatest common factor of 176 and 40565648?
16
What is the highest common factor of 82950003 and 15615?
3123
What is the highest common divisor of 575415 and 1060200?
855
Calculate the highest common factor of 16605 and 3116820.
615
Calculate the highest common divisor of 4563 and 1268683.
169
Calculate the greatest common divisor of 826752 and 552.
24
Calculate the greatest common factor of 8106232 and 128.
8
Calculate the highest common divisor of 1098 and 16276569.
183
Calculate the highest common divisor of 10208 and 6341401.
319
Calculate the highest common divisor of 18 and 2496954.
6
What is the highest common factor of 8215884 and 2995?
599
What is the greatest common divisor of 9929150 and 4050?
50
What is the greatest common divisor of 1998 and 894551886?
666
What is the highest common factor of 58 and 203150481?
29
What is the highest common divisor of 912 and 44852736?
48
What is the greatest common divisor of 22736 and 6995148?
116
What is the greatest common divisor of 18224 and 234464?
272
What is the greatest common divisor of 100 and 10126420?
20
What is the highest common factor of 30 and 37764430?
10
Calculate the highest common divisor of 385380 and 5970.
30
What is the greatest common factor of 252 and 489870108?
252
What is the greatest common factor of 1996212911 and 539?
539
Calculate the highest common factor of 70 and 5889002.
14
Calculate the highest common factor of 564 and 3609177.
141
Calculate the highest common divisor of 42 and 256669602.
42
Calculate the highest common divisor of 62 and 13686748.
62
Calculate the greatest common divisor of 21 and 60675216.
21
Calculate the highest common factor of 724543 and 3077.
181
Calculate the highest common factor of 116 and 25768646.
58
What is the highest common factor of 19637565 and 4920?
615
What is the highest common divisor of 55536 and 519?
3
What is the highest common factor of 408 and 50833740?
204
What is the highest common divisor of 50328191 and 607?
607
Calculate the highest common factor of 388 and 48603596.
388
Calculate th